inder when 118 is divided by 16?
6
What is the remainder when 359 is divided by 80?
39
What is the remainder when 27 is divided by 13?
1
What is the remainder when 9539 is divided by 47?
45
Calculate the remainder when 287 is divided by 77.
56
What is the remainder when 18859 is divided by 5?
4
What is the remainder when 724 is divided by 13?
9
Calculate the remainder when 105 is divided by 53.
52
What is the remainder when 25 is divided by 7?
4
Calculate the remainder when 416 is divided by 84.
80
What is the remainder when 103 is divided by 49?
5
What is the remainder when 806 is divided by 802?
4
What is the remainder when 1553 is divided by 104?
97
Calculate the remainder when 1242 is divided by 137.
9
What is the remainder when 380 is divided by 95?
0
Calculate the remainder when 4626 is divided by 89.
87
Calculate the remainder when 1196 is divided by 10.
6
Calculate the remainder when 225 is divided by 18.
9
What is the remainder when 210 is divided by 2?
0
Calculate the remainder when 7829 is divided by 90.
89
Calculate the remainder when 55 is divided by 21.
13
Calculate the remainder when 2320 is divided by 27.
25
What is the remainder when 405 is divided by 4?
1
Calculate the remainder when 2288 is divided by 29.
26
What is the remainder when 24 is divided by 6?
0
What is the remainder when 668 is divided by 112?
108
Calculate the remainder when 17664 is divided by 13.
10
Calculate the remainder when 226 is divided by 33.
28
What is the remainder when 319 is divided by 65?
59
Calculate the remainder when 100 is divided by 18.
10
Calculate the remainder when 813 is divided by 117.
111
Calculate the remainder when 4836 is divided by 201.
12
Calculate the remainder when 1141 is divided by 88.
85
What is the remainder when 6187 is divided by 10?
7
Calculate the remainder when 267 is divided by 55.
47
Calculate the remainder when 59 is divided by 18.
5
What is the remainder when 11 is divided by 7?
4
What is the remainder when 1340 is divided by 68?
48
Calculate the remainder when 172 is divided by 62.
48
Calculate the remainder when 614 is divided by 16.
6
What is the remainder when 754 is divided by 181?
30
What is the remainder when 9660 is divided by 1930?
10
What is the remainder when 539 is divided by 219?
101
What is the remainder when 1272 is divided by 22?
18
What is the remainder when 340 is divided by 50?
40
Calculate the remainder when 1623 is divided by 58.
57
Calculate the remainder when 349 is divided by 120.
109
Calculate the remainder when 2001 is divided by 34.
29
What is the remainder when 1543 is divided by 18?
13
What is the remainder when 248 is divided by 58?
16
What is the remainder when 95 is divided by 33?
29
What is the remainder when 314 is divided by 55?
39
What is the remainder when 15 is divided by 5?
0
Calculate the remainder when 450 is divided by 149.
3
Calculate the remainder when 2062 is divided by 8.
6
Calculate the remainder when 57 is divided by 45.
12
What is the remainder when 3378 is divided by 199?
194
What is the remainder when 1003 is divided by 53?
49
What is the remainder when 446 is divided by 437?
9
Calculate the remainder when 492 is divided by 18.
6
Calculate the remainder when 499 is divided by 53.
22
What is the remainder when 1256 is divided by 167?
87
What is the remainder when 90 is divided by 57?
33
What is the remainder when 1283 is divided by 216?
203
What is the remainder when 361 is divided by 13?
10
What is the remainder when 1314 is divided by 94?
92
Calculate the remainder when 172 is divided by 25.
22
Calculate the remainder when 92 is divided by 16.
12
Calculate the remainder when 385 is divided by 194.
191
Calculate the remainder when 214 is divided by 64.
22
What is the remainder when 46 is divided by 38?
8
What is the remainder when 161 is divided by 72?
17
Calculate the remainder when 1681 is divided by 170.
151
Calculate the remainder when 241 is divided by 73.
22
Calculate the remainder when 6703 is divided by 149.
147
Calculate the remainder when 72 is divided by 20.
12
What is the remainder when 152 is divided by 23?
14
What is the remainder when 305 is divided by 93?
26
Calculate the remainder when 4629 is divided by 193.
190
What is the remainder when 590 is divided by 44?
18
Calculate the remainder when 10072 is divided by 40.
32
Calculate the remainder when 191 is divided by 22.
15
Calculate the remainder when 40 is divided by 27.
13
What is the remainder when 151 is divided by 34?
15
Calculate the remainder when 945 is divided by 34.
27
What is the remainder when 387 is divided by 36?
27
What is the remainder when 237 is divided by 16?
13
Calculate the remainder when 558 is divided by 199.
160
Calculate the remainder when 410 is divided by 38.
30
Calculate the remainder when 1253 is divided by 33.
32
Calculate the remainder when 1337 is divided by 149.
145
What is the remainder when 292 is divided by 15?
7
Calculate the remainder when 780 is divided by 14.
10
What is the remainder when 187 is divided by 155?
32
Calculate the remainder when 76 is divided by 7.
6
Calculate the remainder when 155 is divided by 52.
51
Calculate the remainder when 8771 is divided by 258.
257
Calculate the remainder when 237 is divided by 231.
6
Calculate the remainder when 89 is divided by 33.
23
What is the remainder when 14362 is divided by 84?
82
What is the remainder when 447 is divided by 90?
87
What is the remainder when 2634 is divided by 85?
84
Calculate the remainder when 134 is divided by 25.
9
Calculate the remainder when 6038 is divided by 242.
230
What is the remainder when 615 is divided by 77?
76
What is the remainder when 355 is divided by 114?
13
What is the remainder when 2029 is divided by 145?
144
Calculate the remainder when 1999 is divided by 91.
88
Calculate the remainder when 2295 is divided by 41.
40
Calculate the remainder when 1270 is divided by 28.
10
Calculate the remainder when 1031 is divided by 1018.
13
What is the remainder when 3295 is divided by 10?
5
What is the remainder when 17 is divided by 16?
1
What is the remainder when 391 is divided by 28?
27
Calculate the remainder when 274 is divided by 204.
70
Calculate the remainder when 32629 is divided by 26.
25
What is the remainder when 266 is divided by 68?
62
What is the remainder when 1158 is divided by 19?
18
What is the remainder when 804 is divided by 210?
174
Calculate the remainder when 301 is divided by 38.
35
What is the remainder when 207 is divided by 16?
15
What is the remainder when 545 is divided by 13?
12
What is the remainder when 312 is divided by 111?
90
Calculate the remainder when 1042 is divided by 19.
16
Calculate the remainder when 128 is divided by 27.
20
What is the remainder when 449 is divided by 15?
14
What is the remainder when 454 is divided by 35?
34
What is the remainder when 2075 is divided by 189?
185
What is the remainder when 1680 is divided by 33?
30
What is the remainder when 520 is divided by 9?
7
What is the remainder when 245 is divided by 41?
40
What is the remainder when 1105 is divided by 109?
15
Calculate the remainder when 192 is divided by 8.
0
What is the remainder when 120 is divided by 46?
28
What is the remainder when 313 is divided by 9?
7
Calculate the remainder when 31 is divided by 4.
3
What is the remainder when 2830 is divided by 566?
0
Calculate the remainder when 731 is divided by 49.
45
Calculate the remainder when 160 is divided by 57.
46
Calculate the remainder when 66 is divided by 26.
14
Calculate the remainder when 107 is divided by 17.
5
Calculate the remainder when 627 is divided by 585.
42
Calculate the remainder when 569 is divided by 189.
2
Calculate the remainder when 1368 is divided by 49.
45
Calculate the remainder when 148 is divided by 127.
21
Calculate the remainder when 1147 is divided by 375.
22
Calculate the remainder when 16 is divided by 8.
0
What is the remainder when 1214 is divided by 204?
194
What is the remainder when 397 is divided by 147?
103
What is the remainder when 6140 is divided by 37?
35
What is the remainder when 20 is divided by 20?
0
Calculate the remainder when 29 is divided by 16.
13
Calculate the remainder when 2235 is divided by 558.
3
What is the remainder when 33 is divided by 20?
13
What 